72.
408
Calculate the greatest common divisor of 140959071 and 1452.
363
What is the highest common divisor of 21778836 and 612?
204
What is the greatest common factor of 215682565 and 20?
5
Calculate the greatest common divisor of 1494020 and 461780.
220
What is the highest common divisor of 4229 and 810314461?
4229
What is the highest common divisor of 20062 and 1577674?
14
What is the greatest common factor of 20 and 3669970?
10
Calculate the greatest common factor of 142572 and 2729796.
1308
What is the highest common divisor of 9607 and 174083?
13
What is the greatest common factor of 40711056 and 1632?
816
Calculate the highest common divisor of 62 and 7546981.
31
What is the greatest common divisor of 4192253 and 120205?
829
Calculate the greatest common divisor of 1073 and 14547808.
37
Calculate the greatest common factor of 89235 and 387.
9
Calculate the highest common divisor of 2751135 and 47360.
185
What is the greatest common divisor of 377 and 506675?
13
Calculate the greatest common factor of 84161495 and 165.
55
What is the greatest common factor of 35 and 240930?
5
Calculate the greatest common factor of 5193614 and 18.
2
Calculate the greatest common divisor of 82855123 and 26.
13
What is the highest common factor of 185 and 39148405?
185
What is the highest common divisor of 40 and 23110840?
40
Calculate the highest common factor of 47 and 13676624.
47
What is the greatest common factor of 24160 and 3414865?
755
What is the highest common factor of 2 and 8752595?
1
Calculate the greatest common divisor of 27616312 and 8.
8
What is the greatest common divisor of 618 and 141643128?
618
Calculate the highest common factor of 1088 and 7415536.
272
What is the highest common factor of 80 and 33016?
8
Calculate the highest common divisor of 200 and 74268100.
100
Calculate the greatest common divisor of 61091 and 348.
1
Calculate the greatest common factor of 441 and 9586899.
441
What is the greatest common divisor of 65050648 and 1612?
1612
Calculate the highest common divisor of 54 and 64831401.
27
Calculate the greatest common factor of 46387 and 75097.
11
Calculate the highest common factor of 18430 and 10325650.
970
What is the highest common divisor of 69171533 and 477527?
11647
What is the greatest common factor of 52606819 and 4071?
1357
Calculate the highest common divisor of 1438423 and 134.
67
Calculate the greatest common divisor of 3020157 and 5607.
63
What is the highest common factor of 32764428 and 13470?
2694
Calculate the greatest common divisor of 298902 and 868.
62
What is the highest common factor of 44 and 66748418?
22
Calculate the greatest common divisor of 57365 and 6020.
35
Calculate the greatest common divisor of 210 and 4457670.
210
Calculate the greatest common divisor of 19485384 and 30.
6
Calculate the highest common divisor of 27273537 and 135.
27
What is the highest common divisor of 10226788 and 62244?
988
What is the highest common factor of 468 and 776196?
36
Calculate the greatest common factor of 157280406 and 6870.
1374
What is the greatest common factor of 293069 and 1519?
49
Calculate the highest common divisor of 7064 and 634877.
883
Calculate the highest common divisor of 1123 and 29601157.
1123
Calculate the greatest common factor of 1039759 and 301.
7
Calculate the greatest common divisor of 1721860 and 46305.
1715
Calculate the highest common divisor of 727471729 and 134.
67
What is the greatest common divisor of 9938332 and 860?
172
Calculate the greatest common divisor of 1994641 and 1034924.
473
Calculate the highest common divisor of 3880 and 30412.
4
What is the greatest common divisor of 622554 and 2720610?
4902
What is the greatest common divisor of 615000 and 55104?
984
What is the greatest common factor of 742 and 120678880?
742
Calculate the greatest common factor of 45781372 and 1508.
1508
What is the greatest common factor of 218 and 423432?
2
Calculate the greatest common factor of 274583307 and 5946.
2973
Calculate the highest common divisor of 2008941 and 341649.
561
Calculate the highest common divisor of 15080 and 6264.
232
Calculate the highest common factor of 13725 and 54398275.
1525
What is the highest common factor of 85690 and 119720?
410
What is the greatest common divisor of 12703633 and 11?
1
What is the greatest common factor of 70368 and 13536?
96
What is the highest common divisor of 3162 and 14541018?
102
What is the greatest common factor of 731582 and 150?
2
What is the greatest common factor of 2972109 and 168?
21
Calculate the greatest common divisor of 375 and 7054625.
125
Calculate the highest common divisor of 5 and 846097.
1
What is the highest common divisor of 12607 and 130080827?
1801
What is the greatest common divisor of 4410 and 1120833?
63
Calculate the highest common divisor of 18780 and 29817.
3
Calculate the highest common factor of 7545164 and 4180.
44
Calculate the greatest common divisor of 6271846 and 9498.
3166
What is the greatest common factor of 126071625 and 10810?
5405
Calculate the greatest common divisor of 319945 and 299815.
305
Calculate the highest common divisor of 638554 and 66164.
238
What is the greatest common factor of 28856437 and 269?
269
Calculate the highest common factor of 31326 and 5193.
3
What is the greatest common divisor of 907986639 and 485?
97
Calculate the greatest common factor of 7470480 and 68.
68
What is the greatest common divisor of 264316 and 114244?
676
What is the highest common factor of 497745 and 72?
9
Calculate the greatest common factor of 825 and 5122920.
165
What is the greatest common divisor of 456112 and 1798?
58
What is the highest common factor of 17415673 and 113?
113
Calculate the greatest common factor of 494124 and 372.
12
Calculate the highest common factor of 132936 and 213672.
696
Calculate the greatest common divisor of 377 and 42135223.
13
Calculate the greatest common factor of 25735 and 156865119.
5147
Calculate the highest common divisor of 34208 and 6880.
32
What is the greatest common divisor of 9256 and 2249?
13
Calculate the greatest common divisor of 15405 and 15023190.
195
What is the greatest common divisor of 23708 and 1492?
4
Calculate the highest common divisor of 103394400 and 402.
402
Calculate the greatest common factor of 6077 and 51706.
103
Calculate the highest common divisor of 21 and 20627691.
21
What is the greatest common divisor of 5172386 and 45594?
5066
Calculate the greatest common divisor of 3402 and 138974130.
486
What is the highest common factor of 144 and 5993793?
9
Calculate the highest common divisor of 108 and 4316814.
54
Calculate the highest common factor of 33374084 and 48208.
524
Calculate the greatest common factor of 8073 and 2036799.
27
Calculate the highest common divisor of 1881885 and 2.
1
Calculate the greatest common factor of 131079 and 4251.
39
Calculate the highest common divisor of 5408457 and 53898.
2073
Calculate the highest common factor of 4043 and 122278.
13
What is the highest common factor of 23868413 and 1289?
1289
Calculate the greatest common factor of 20800 and 13547700.
100
Calculate the greatest common divisor of 14 and 21838621.
7
What is the greatest common factor of 120 and 140775?
15
What is the highest common factor of 305382 and 31416?
462
What is the greatest common divisor of 23858 and 253378?
302
What is the highest common factor of 957631 and 11993?
67
Calculate the greatest common divisor of 108 and 10223082.
18
Calculate the greatest common factor of 67150 and 28775.
25
What is the highest common divisor of 945 and 454950?
135
What is the highest common divisor of 121743 and 13026?
501
What is the highest common factor of 48 and 22600824?
24
Calculate the greatest common divisor of 114132825 and 2373.
339
Calculate the highest common factor of 13648993 and 1373.
1373
Calculate the greatest common factor of 156 and 215172308.
52
What is the greatest common factor of 834 and 11804158?
278
What is the highest common divisor of 3188 and 174951064?
3188
Calculate the greatest common divisor of 12611055 and 395.
5
Calculate the highest common divisor of 145 and 152774610.
145
Calculate the highest common factor of 18062 and 16764.
22
What is the greatest common factor of 63111945 and 975?
195
Calculate